e greatest common divisor of x and 28.
4
Suppose -3*s + 0 = -3*i - 6, -3*i = -15. Let j(o) = 35*o. Let p be j(1). What is the greatest common factor of s and p?
7
Let q = -9 + 9. Suppose q = s - 2*d - 2*d - 11, 4*d + 5 = -s. What is the highest common factor of 24 and s?
3
Let n = 167 + -97. What is the highest common factor of n and 14?
14
Let o be 1/(26/6080) + 8/52. What is the highest common divisor of o and 26?
26
Suppose 4*w - 3*w - 4 = 0. What is the greatest common divisor of w and 32?
4
Let l(p) be the second derivative of p**4/4 - 7*p**3/6 - p**2 + p. Let f be l(5). Calculate the greatest common divisor of f and 57.
19
Let w be 2 + (-2)/4*-74. Suppose -4*o + o + w = 0. Let c(t) = 22*t**2 + 3*t - 3. Let u be c(2). What is the greatest common divisor of o and u?
13
Let p = -9 - -17. Let b(k) be the first derivative of -k**4/4 + 8*k**3/3 + k**2 - 12*k + 4. Let d be b(p). Calculate the greatest common divisor of d and 10.
2
Suppose 5*k - 2*v = 411, 0*v - 3*v - 333 = -4*k. Let m = 12 - 3. What is the highest common divisor of k and m?
9
Let t = 13 - 1. Let f be 33/t - (-2)/8. Suppose -r = -0*x - 5*x + 67, -f*r = -2*x + 32. Calculate the greatest common divisor of 13 and x.
13
Suppose 4*r - 40 = 2*k - 4*k, 2*r = k + 28. Let g(j) = j**3 - 7*j**2 + j + 6. Let s be g(5). Let a = s - -135. Calculate the highest common divisor of r and a.
12
Let l(a) = 6*a**2 + a + 2. Let x be l(-1). Calculate the greatest common factor of x and 14.
7
Let l = -9 + 30. What is the highest common divisor of l and 84?
21
Let c(n) = 2*n - 20. Let o be c(13). Calculate the greatest common divisor of o and 66.
6
Let y be -3 + 24 - (1 + -2). What is the highest common factor of y and 154?
22
Let y(i) = 6*i**2 + 3*i - 5. Let f be y(5). Suppose -280 = -5*w + 4*d, -4*d = -3*w - 0*d + f. What is the highest common divisor of 40 and w?
20
Suppose 3*j - 60 = 210. Suppose -5*k + 21 + 35 = 2*t, -5*t + 45 = 3*k. What is the greatest common divisor of k and j?
10
Let g = -57 - -64. Let l(a) = 11*a + 1. Let p be l(5). What is the highest common divisor of g and p?
7
Let n be 6/1*(-2)/(-3). Suppose g + n*w - 3*w = 12, 3*w + 3 = 0. Calculate the greatest common divisor of g and 13.
13
Let h = -6 + 8. Suppose -54 = -2*y + 4*f - 6, -y = h*f - 24. Calculate the greatest common divisor of 3 and y.
3
Suppose -6 - 42 = 4*u. Let h = 24 + u. Calculate the highest common factor of 132 and h.
12
Let q(j) = -j**3 + 2*j**3 - j + 6*j**2 - 8*j - 9. Let w be q(-6). Let z be (-3 - -3) + 3*w. What is the highest common factor of z and 15?
15
Suppose 6*l - 42 = 12. What is the greatest common factor of 81 and l?
9
Let h be (-6)/9 - 68/(-3). What is the highest common factor of 2 and h?
2
Let b(o) = -3*o + 22. Let j be b(-10). What is the highest common divisor of j and 13?
13
Let k(q) = -q**3 + 12*q**2 - 14*q - 8. Let m be k(10). Let j be m/(-39) - 734/(-6). What is the greatest common divisor of 11 and j?
11
Let q be (-1)/(((-4)/(-62))/2). Let c = -22 - q. What is the highest common divisor of 27 and c?
9
Suppose -k - 5*a + 4 = -4*k, 2*k = 3*a - 4. Let r be 32/3*(-66)/k. Let b = r + -56. What is the highest common divisor of 16 and b?
16
Let q = 1 - 1. Suppose q = -4*k - k + 70. Suppose 4*g = -n + 23, 1 = -2*g - 2*n - n. Calculate the highest common divisor of g and k.
7
Let g = 51 - 34. Let m = g + 34. What is the highest common divisor of 17 and m?
17
Let k(t) = -7*t - 7. Let n be k(-4). Suppose -4*m + m + 42 = 0. Calculate the highest common divisor of m and n.
7
Let f(d) = d**2 - 9*d - 2. Suppose 3*s - 38 + 8 = 0. Let u be f(s). Suppose -2*z + 7*z - 200 = 0. What is the highest common divisor of z and u?
8
Suppose 5*k = 8 + 2. Suppose -7*p = -4*m - 2*p + 1, -k = m + p. Let g(u) = 15*u**2 + u + 1. Let b be g(m). Calculate the highest common divisor of b and 105.
15
Suppose 3*d + 8 = 5*d. Suppose -r - 3*f - 15 = -d*r, -2*f - 6 = 2*r. Let l be 2/5*10/r. Calculate the highest common factor of 32 and l.
4
Let y(q) be the third derivative of q**4/24 - q**3/3 + 2*q**2. Let g be y(9). Suppose 21 + g = 4*a. Calculate the greatest common divisor of 77 and a.
7
Let w(t) = -t - 60. Let h(d) = 3*d + 180. Let y(f) = 3*h(f) + 8*w(f). Let n be y(0). What is the highest common divisor of n and 40?
20
Let n be (1/2)/(-1)*-18. Let j(l) = l**2 + 4*l - 1. Let s be j(-5). Suppose o = s*o - 81. Calculate the greatest common factor of o and n.
9
Suppose 0 = y - 38 + 3. Calculate the highest common divisor of y and 280.
35
Let v be 1 + (-44)/12*-3. What is the highest common factor of 12 and v?
12
Suppose -j = -5, -3*f = -f + 5*j - 79. Calculate the highest common factor of f and 3.
3
Let w be (-9 + 3)*(-2)/6. Let q(y) = -y**3 + 5*y**2 - 3*y. Let r be q(w). Calculate the highest common divisor of 18 and r.
6
Suppose -3*u - 2*t = 10, -14 = 4*u + 2*t + t. Let g be (4/4)/(u/(-44)). What is the greatest common factor of g and 2?
2
Suppose 25 = 3*r + 7. Suppose -2*a = -4*m + 54, r*a - 5*a + 63 = 5*m. Calculate the highest common divisor of m and 24.
12
Let y = 218 + -126. What is the highest common divisor of 23 and y?
23
Suppose 0 = x + 3*a - 8, 2*x + 0*a + 5*a - 14 = 0. Calculate the greatest common factor of x and 16.
2
Suppose -4*o + z = -0*z - 63, -3*z - 39 = -2*o. Let q be (-9 - 0)*(-10)/o. Calculate the highest common divisor of q and 4.
2
Let d = -54 + 88. Let q(s) = s**2 + 1. Let n be q(4). What is the greatest common factor of n and d?
17
Let r(t) = t**3 - 8*t**2 + 2*t - 8. Let s be r(8). Let q(l) = l**2 - 5*l - 6. Let x be q(6). Let u = 40 - x. Calculate the greatest common divisor of u and s.
8
Let r(b) = b**3 - b + 15. Let k be r(0). Suppose -3*w - 5*g + 60 = 0, -37 = -2*w - 2*g - 1. What is the greatest common divisor of k and w?
15
Suppose 0 = -4*q + 8, 2*q + 2*q = 2*t - 36. Let o(k) = k**3 + 17*k**2 - 18*k + 2. Let s be o(-18). What is the greatest common factor of t and s?
2
Let x(w) = w**3 - w**2 + w + 1. Let b be x(2). Let z = 7 + -8. Let m = z + 36. What is the highest common factor of m and b?
7
Let k = 112 - 58. Let f = 8 - 5. Let o be (-2)/f + (-20)/(-3). Calculate the highest common divisor of k and o.
6
Let r = 3 + 53. What is the greatest common divisor of r and 8?
8
Suppose -5*n + 4 = -36. Let o = 34 + -2. What is the highest common divisor of o and n?
8
Suppose -128 + 10 = -3*j - a, 0 = -j + a + 42. What is the greatest common divisor of 8 and j?
8
Let k = 1 + 0. Let s be k + 0 + (10 - 4). What is the highest common factor of s and 7?
7
Let s be (0*2/4)/(-2). Suppose s = 4*b + t - 28, -12 = -3*b - 5*t + 2*t. What is the greatest common factor of 32 and b?
8
Let r be 48/(-9)*(-102)/4. Calculate the greatest common factor of r and 34.
34
Let c = -84 + 51. Let x be (c/(-12))/(1/(-4)). Let p = x - -20. Calculate the highest common factor of 1 and p.
1
Let m = 260 - 214. What is the highest common factor of m and 2?
2
Suppose 2*y + 3*j - 18 = 0, -2*j + 17 = -0*y + 3*y. Suppose 18 = y*r - 0*r. Calculate the greatest common divisor of r and 2.
2
Let p(t) = t**3 + 14*t**2 - 2*t - 6. Let g be p(-14). Calculate the highest common divisor of g and 66.
22
Let h(q) = q + 1. Let w be (10 - 0)*(-8)/(-10). Let z = w + -5. Let o be h(z). Calculate the greatest common factor of 4 and o.
4
Let l(n) = n**3 - n**2 + 2*n - 2. Let m be l(2). Let u = -6 + m. Suppose u = 3*o - y + 1, -o - y + 3 + 2 = 0. Calculate the highest common divisor of o and 4.
1
Suppose -5*f + f - 228 = 0. Let m = -41 - f. What is the greatest common factor of 32 and m?
16
Let l(f) = 16*f**2 + 5*f - 4. Let v be l(-4). Suppose -3*c + g = -v, -3*g + 151 = 2*c - 0*g. Calculate the greatest common divisor of c and 7.
7
Let r be ((-3)/6)/(3/(-12)). Let q = r - -18. Calculate the greatest common divisor of 60 and q.
20
Let n(m) = m**3 + 8*m**2 + 6*m - 2. Let a be n(-7). What is the greatest common factor of a and 5?
5
Let r(c) = 13*c**2 - 1. Let l be r(-1). Let g(h) = -h**2 + h + 22. Let z be g(0). Let d = z + -16. Calculate the greatest common divisor of l and d.
6
Suppose 0 = -6*b + 27 + 105. Let c be (-352)/3*(-3)/2. Calculate the highest common divisor of c and b.
22
Let a(i) = 8*i**2 + 3*i - 4. Let z be a(3). Suppose x - 28 = o - 4*o, -3*o + 43 = -2*x. Calculate the highest common factor of z and o.
11
Let i(f) = -f**3 + 12*f**2 - 9*f - 7. L